2
Let f(y) = -4*y**2 + 24*y + 71. Let w be f(8). Let s(j) = -4*j + 34. Calculate s(w).
6
Let t(n) be the third derivative of -n**4/12 + 2*n**2. Let x = -330 + 334. Suppose 4*y = -g + 7*y - 5, -x*y = 5*g + 6. What is t(g)?
4
Let b(o) = 4*o - 7. Let w(x) = -5*x + 8. Let r(t) = -4*b(t) - 3*w(t). Let c be ((-5)/((-10)/396))/(-1*1). Let p = -195 - c. Calculate r(p).
1
Let n = 50 + -102. Let f = -41 - n. Suppose 0 = -2*a + 2*y - 4, 0*y + f = -4*a + y. Let c(g) = 5*g. Give c(a).
-15
Suppose 6*u - 1098 = 150. Let n = u + -217. Let f(g) = g**3 + 8*g**2 - 7*g + 10. Calculate f(n).
-8
Let v(b) = -5*b + 53. Let m = -757 - -767. Let c be v(m). Let f(k) = -2*k**2 + 5*k + 1. What is f(c)?
-2
Suppose 3 = -s - 1. Suppose -7*f + 31*f - 72 = 0. Let u(x) = -4*x**2 - 9*x**f - 711*x + 712*x - 1 + 8*x**3. Determine u(s).
-5
Let c(m) = 2*m**2 - 12. Let t be ((-1 - 8)/(8 + -7) - -4) + 2. Calculate c(t).
6
Let p(d) = -3*d. Let k(c) = c - 1. Let j(q) = -2*k(q) - p(q). Suppose 73*g - 70*g = 0. Suppose g = -3*l + 2*r + 27 - 7, 0 = -3*l + 3*r + 21. Determine j(l).
8
Let t(n) = 603*n**2 - 1200*n**2 + 595*n**2 - 41*n - 81. Give t(-18).
9
Suppose -98*d + 20 = 99*d - 192*d. Let l(b) be the third derivative of b**6/120 - b**5/12 + b**4/8 - b**3/6 - b**2. Determine l(d).
-5
Let o(w) = -69*w - 380 - 109 - 157*w + 62*w. What is o(-3)?
3
Let i(a) = 382739*a**2 - 19*a + 382737*a**2 - 765477*a**2 + 33. What is i(-20)?
13
Let n(b) = 4*b**2 - 77*b + 80. Let y = 15514 - 15496. What is n(y)?
-10
Let o(g) = -g**3 - 3*g**2 + g - 19. Let b = -1994 + 1988. Calculate o(b).
83
Let f(o) be the first derivative of -o**2/2 - 26*o + 19231. Let g = 20 + -36. Give f(g).
-10
Let f(u) = -u**3 + 3*u**2 + 0*u**2 - 5*u**2 + 2 - 3. Suppose -n - 1 = -2*n. Let x be (6/(-9))/n*3. Calculate f(x).
-1
Let j be (-4 - -5)*-1*1. Let a(y) = 62*y + 13. Let z(n) = 16*n + 3. Let h(v) = 2*a(v) - 9*z(v). What is h(j)?
19
Let n(p) = p**3 + 4*p**2 - p - 4. Let q = -838 - -844. Let r be 9*(7 + -9)/q. What is n(r)?
8
Let r(z) = 3*z + 1. Suppose 5*a + 46 = -3*o - 19, -4*o - 4*a - 92 = 0. Let m = 18 + o. Let w(y) = -6*y - 1. Let c(v) = m*r(v) - 4*w(v). Determine c(2).
3
Suppose 5*a - 3*k + 0*k - 321 = 0, 132 = 2*a - 3*k. Let b = 67 - a. Let o(j) = 4*j + 4. Determine o(b).
20
Suppose -3*b = -2*q + 5, 0 = -4*q - q + b - 20. Let z(x) = 381*x - 722*x - x**2 - 1 + 336*x + 8. Give z(q).
7
Suppose 58*q = 5*q - 318. Let c(y) = y**2 + 2*y + 1. Let d(b) = 6*b**3 + 6*b**2 + 12*b + 6. Let v(r) = q*c(r) + d(r). Determine v(-1).
-6
Let q(f) = f**2 - f + 8. Let i be q(4). Suppose -14*j = -9*j - i. Let u(s) be the first derivative of -2*s**3/3 + 3*s**2 - s + 2. Calculate u(j).
-9
Suppose 152707*d - 152687*d - 80 = 0. Let x(k) = -12*k + 2. Determine x(d).
-46
Let j(q) = 5*q + 200. Let o(s) = -9. Let f(d) = -j(d) - 20*o(d). Give f(-5).
5
Let k(q) = 737*q - 2068*q - 8 + 1332*q - 10. Let o be 324/(-10) - (-2)/5. Let i = o + 45. Determine k(i).
-5
Let i(z) = 2*z**3 - 3*z**2. Let q be i(2). Let v(x) be the first derivative of -1/2*x**2 - 1/4*x**4 - 24 - 5*x + 4/3*x**3. Give v(q).
-9
Let b(s) = -s**3 - 10*s**2 - 11*s - 3. Let j(m) = 23*m + 166 + 66 - 36 - 66. Let p be j(-6). Calculate b(p).
-43
Let m(k) be the second derivative of -k**4/12 + 7*k**2 + 3*k. Let j be ((-3)/(-4))/((21/56)/(-3)). Let t be 2/(-10)*(-6 - j). Give m(t).
14
Let w be (-544)/170*5/2. Let y be (-15)/40 - 51/w. Let x(g) = -g**2 + 6*g. Calculate x(y).
0
Let v(f) be the third derivative of -f**6/120 - 2*f**5/15 - 5*f**4/24 - f**3 - 313*f**2. What is v(-8)?
34
Let t(a) = 3 - 2 + 9 - 5*a. Let g(d) = 981*d - 43156. Let n be g(44). Calculate t(n).
-30
Let k(u) = -2 - 38*u + 7 + 37*u. Let f(v) = v**3 - 1. Let r be f(2). Let m(l) = -l**3 + 8*l**2 - 6*l - 3. Let i be m(r). Determine k(i).
1
Let i(n) = 7*n**3 + 3*n**2 + 4*n + 3. Let o be (3 + (-49)/14)*-4. Let v(r) = -3*r**3 - 2*r**2 - 2*r - 1. Let z(y) = o*i(y) + 5*v(y). Give z(-2).
-3
Let f = 22756 - 273059/12. Let r(u) be the second derivative of -1/6*u**3 + f*u**4 + 0*u**2 + 0 - 39*u. Calculate r(1).
12
Let v(m) be the first derivative of m**5/20 + 2*m**4/3 + 7*m**3/6 + 5*m**2 + 68*m - 62. Let u(b) be the first derivative of v(b). Determine u(-7).
10
Let l(v) = -v**2 - v - 15. Suppose 84*h = 48*h - 180. Determine l(h).
-35
Let s(y) = 4*y**3 - 5*y**2 + 2*y + 1. Let q(w) = 1 + 4*w**3 - w**3 + w - 2*w**3 - w**2. Let l(k) = 3*q(k) - s(k). Calculate l(-2).
16
Let o(u) = -10*u**2 + 2*u - 2. Suppose -2*z = -5*v - 671 + 648, -4 = -4*v - 4*z. What is o(v)?
-98
Let i(k) = 2 + 4 + 2*k - 1. Let p = -7535 + 7530. Determine i(p).
-5
Let z(l) be the second derivative of 0*l**2 + 15*l + 0 + 0*l**3 - 2/3*l**4 + 1/120*l**5 + 1/720*l**6. Let f(j) be the third derivative of z(j). Give f(6).
7
Let s(c) = -4295*c**2 - 4297*c**2 + 3 + 12891*c**2 - 4297*c**2 + 4*c. Calculate s(-3).
9
Suppose 36 = 4*l + 2*r, 5*r = 4*l - 0*r - 22. Let u(b) = -b**3 + 8*b - 11. Let p(q) = q**3 - q**2 - 8*q + 11. Let c(d) = 7*p(d) + 6*u(d). Give c(l).
11
Let m be (-1)/(-4) - (-141)/12. Let w(k) = 5*k**3 - k**2 + 6*k - 18. Let l be w(3). Let b(z) = -22 + 45 + l*z - 125*z - 27. Determine b(m).
8
Let z(i) = -19. Let x(f) = f - 59. Suppose 0 = 5*b - 16*b + 33. Let v(u) = b*x(u) - 8*z(u). What is v(11)?
8
Suppose 2*j - 4 = 2. Let x(t) = 55 + 40 - 4*t**2 - 147 + 4*t - t + 51. Give x(j).
-28
Suppose -1373 = 312*a + 187. Let x(h) = -47*h - 234. Determine x(a).
1
Let g = -2061 + 2063. Let z(p) = -8*p**2 + 2*p + 5. What is z(g)?
-23
Let d(u) = -2*u**3 + 21*u**2 + 52*u - 37. Let l(c) = -c**3 + 11*c**2 + 29*c - 18. Let i(n) = 3*d(n) - 5*l(n). Calculate i(9).
-3
Let d(x) = 145 - 60 + 20*x - 61 - 5*x. Let n(m) = 17*m + 26. Let j(w) = 7*d(w) - 6*n(w). What is j(-5)?
-3
Let s(u) = u**2 + 5*u - 56. Let d(h) = h**3 + 72*h**2 - 146*h + 138. Let v be d(-74). Give s(v).
-6
Let o(a) = -467 + 19*a**2 + 456 - a**3 - 11*a**2 + a. Let g(f) = f**2 + 3*f - 2. Let t(q) = q**3 + 7*q**2 + 7*q + 1. Let m be t(-6). Let u be g(m). Give o(u).
-3
Let h(u) = -1 - 1 + 1 + 11 - u. Let w(r) = 2*r**2 + 28*r - 30. Let d be w(-15). Suppose -5*y + 10*y - y = d. Determine h(y).
10
Let o(u) be the third derivative of -u**6/24 - u**5/30 + u**4/6 - 7*u**3/6 + 37*u**2 + u. Let h(p) = -4*p**3 + 2*p - 7. Let m(t) = 4*h(t) - 3*o(t). Give m(5).
-2
Suppose 6*c = 4*c - 5*m + 29, 4*c = -4*m + 28. Let i(k) = -33*k**2 - 9 - 8*k - k**3 - 34*k**2 - 33*k**c + 91*k**2. Give i(-8).
-9
Let i(d) be the third derivative of 21*d**4/8 - 92*d**3/3 - 3236*d**2. Calculate i(3).
5
Let d(z) = -2*z**2 - z - 1. Let r(c) = 3*c**2 + c + 2. Let m(j) = 5*d(j) + 3*r(j). Let g(t) = -3*t - 46. Let f be g(-16). Suppose 0*q + q - f = 0. Give m(q).
-7
Let f(l) = l**2 - 5. Let t be (0 + 4 - -3)*1. Suppose -t*v + 53 - 95 = 0. What is f(v)?
31
Let l = 9023/2 + -4511. Let b(k) be the first derivative of l*k**2 + 4 + 4*k. Determine b(-8).
-4
Suppose -4*t - 519 = b - 524, -12 = 6*t. Let c(s) = -3*s**2 + 37*s + 22. What is c(b)?
-4
Let x be (-8)/(-36) - (-34)/9. Let h(j) = x - 1 - j + 3. Let f(m) = -m**3 + m**2 + 16*m - 9. Let l be f(4). Determine h(l).
-1
Let n(b) = -11*b + 40. Let p(j) = -18*j**2 - 68*j - 55. Let k be p(-2). What is n(k)?
-59
Let l(i) be the second derivative of -1/20*i**5 - 1/2*i**3 - 3/2*i**2 + 5 + i - 5/12*i**4. Let d = 20 + -23. Determine l(d).
-12
Let l(r) = r**3 - 4*r**2 - 5*r + 9. Let b be (14/21)/((-24)/(-180)). What is l(b)?
9
Let t(m) = -m**2 - 5*m + 4. Let b be (-195)/(-30) + (-1)/2. Let u(k) = -k**3 + 5*k**2 + 3*k + 10. Let r be u(b). Determine t(r).
-20
Let k(d) be the first derivative of -3*d + 3/2*d**2 - 10. Suppose -8*y + 27 - 11 = 0. Give k(y).
3
Suppose 24*u = 20*u + 32. Let v be ((128/24)/u)/((-2)/3). Let x(w) = 11*w + 1. Give x(v).
-10
Let j(t) be the third derivative of -t**6/120 + t**5/30 + t**4/24 + 2759*t**2. Let m be 2 + (2 + 1 - 2). Suppose m = 2*g - 3. What is j(g)?
-6
Let i be 1 + 3 + -3 + -5. Let u(o) = -o**2 + 6 + 9 - 6 + 2*o. Let q(x) = -3*x**2 + 5*x + 26. Let s(w) = -4*q(w) + 11*u(w). Calculate s(i).
3
Let n(s) = 18*s**3 - 4*s**2 - 3*s + 2. Let d be (3/((-8)/(16/30)))/(3/15). Determine n(d).
-17
Let q = 23 - 19. Suppose -n - q = -6. Let j(g) = 3 + g**2 - 4*g - 3*g**2 - 4*g**n + 7*g**2. Give j(5).
8
Let v(u) = 2*u**3 + 530*u + 76*u**2 - 72*u**2 - 533*u + 0*u**3. What is v(-3)?
-9
Let p = -11074 + 11076. Let j(f) = 